prime factors of 203146?
2, 101573
List the prime factors of 816564.
2, 3, 7, 9721
List the prime factors of 550155.
3, 5, 36677
List the prime factors of 192915.
3, 5, 1429
List the prime factors of 1019196.
2, 3, 9437
List the prime factors of 14127472.
2, 882967
List the prime factors of 394163.
7, 11, 5119
List the prime factors of 1955840.
2, 5, 191
List the prime factors of 748382.
2, 383, 977
What are the prime factors of 33159434?
2, 7, 11, 197, 1093
List the prime factors of 1277482.
2, 17, 37573
List the prime factors of 639371.
639371
What are the prime factors of 609572?
2, 152393
What are the prime factors of 5591675?
5, 223667
What are the prime factors of 13975743?
3, 23, 59, 3433
List the prime factors of 148750.
2, 5, 7, 17
What are the prime factors of 7936281?
3, 19, 46411
List the prime factors of 704912.
2, 13, 3389
List the prime factors of 8504693.
8504693
List the prime factors of 5077399.
37, 41, 3347
List the prime factors of 5035800.
2, 3, 5, 7, 11, 109
What are the prime factors of 844719?
3, 31, 293
List the prime factors of 2833931.
1061, 2671
What are the prime factors of 20579?
13, 1583
List the prime factors of 5743577.
7, 61, 13451
List the prime factors of 158348.
2, 31, 1277
What are the prime factors of 33153543?
3, 41, 67, 149
What are the prime factors of 5260719?
3, 401, 4373
List the prime factors of 724553.
724553
What are the prime factors of 8716400?
2, 5, 7, 11, 283
What are the prime factors of 5149981?
43, 229, 523
List the prime factors of 16889748.
2, 3, 191, 7369
List the prime factors of 504870.
2, 3, 5, 16829
List the prime factors of 5991626.
2, 167, 17939
What are the prime factors of 552302?
2, 276151
What are the prime factors of 188749?
11, 17159
What are the prime factors of 4167456?
2, 3, 43411
What are the prime factors of 53027?
13, 4079
What are the prime factors of 314752?
2, 2459
List the prime factors of 926119.
223, 4153
List the prime factors of 3101201.
47, 65983
List the prime factors of 269322.
2, 3, 44887
What are the prime factors of 23687664?
2, 3, 7, 11, 13, 17, 29
What are the prime factors of 1273835?
5, 107, 2381
List the prime factors of 843036.
2, 3, 163, 431
What are the prime factors of 652101?
3, 217367
List the prime factors of 15772169.
7, 6569
List the prime factors of 83020.
2, 5, 7, 593
List the prime factors of 3668293.
23, 159491
What are the prime factors of 5273701?
191, 27611
List the prime factors of 8011163.
29, 276247
List the prime factors of 196.
2, 7
What are the prime factors of 777994?
2, 7, 61, 911
What are the prime factors of 948295?
5, 89, 2131
What are the prime factors of 22441643?
7, 3205949
List the prime factors of 963459.
3, 7, 41, 373
What are the prime factors of 8513686?
2, 563, 7561
List the prime factors of 39548133.
3, 4394237
What are the prime factors of 279728?
2, 17483
List the prime factors of 2656027.
11, 89, 2713
List the prime factors of 758478.
2, 3, 7, 18059
What are the prime factors of 1368779?
19, 61, 1181
List the prime factors of 1360805.
5, 127, 2143
What are the prime factors of 167088?
2, 3, 59
What are the prime factors of 2679318?
2, 3, 37, 149
What are the prime factors of 233170?
2, 5, 7, 3331
What are the prime factors of 363777?
3, 121259
List the prime factors of 6280307.
11, 570937
What are the prime factors of 1112082?
2, 3, 73, 2539
What are the prime factors of 6587497?
7, 199, 4729
What are the prime factors of 327884?
2, 81971
What are the prime factors of 3774239?
7, 43, 12539
What are the prime factors of 18294308?
2, 1753, 2609
List the prime factors of 13025248.
2, 491, 829
List the prime factors of 305149.
13, 23473
What are the prime factors of 10076439?
3, 631, 5323
List the prime factors of 100883.
79, 1277
List the prime factors of 205916.
2, 51479
List the prime factors of 12130719.
3, 109, 37097
List the prime factors of 973570.
2, 5, 13, 7489
What are the prime factors of 53326?
2, 7, 13, 293
What are the prime factors of 10379953?
1973, 5261
What are the prime factors of 440249?
17, 19, 29, 47
What are the prime factors of 330074?
2, 165037
What are the prime factors of 290345?
5, 11, 5279
List the prime factors of 344206.
2, 59, 2917
What are the prime factors of 542979?
3, 60331
What are the prime factors of 222857?
222857
What are the prime factors of 29111007?
3, 9703669
List the prime factors of 625332.
2, 3, 31, 41
What are the prime factors of 5430682?
2, 311, 8731
List the prime factors of 1102018.
2, 197, 2797
What are the prime factors of 28907?
137, 211
What are the prime factors of 594250?
2, 5, 2377
List the prime factors of 2744263.
2744263
List the prime factors of 206257.
239, 863
What are the prime factors of 8220614?
2, 23, 173, 1033
List the prime factors of 30274.
2, 15137
List the prime factors of 961374.
2, 3, 163, 983
List the prime factors of 18780846.
2, 3, 7, 139, 3217
What are the prime factors of 1802767?
631, 2857
List the prime factors of 366039.
3, 4519
What are the prime factors of 34682649?
3, 227, 50929
What are the prime factors of 202233?
3, 67411
What are the prime factors of 508009?
508009
What are the prime factors of 503580?
2, 3, 5, 7, 11, 109
List the prime factors of 1677593.
1677593
List the prime factors of 2447027.
11, 149, 1493
List the prime factors of 5204099.
677, 7687
What are the prime factors of 14886103?
14886103
What are the prime factors of 16261?
7, 23, 101
List the prime factors of 6015881.
61, 98621
List the prime factors of 22700056.
2, 263, 10789
List the prime factors of 562590.
2, 3, 5, 7, 19, 47
What are the prime factors of 298258?
2, 197, 757
What are the prime factors of 1999?
1999
What are the prime factors of 297505?
5, 13, 23, 199
List the prime factors of 16588838.
2, 7, 17, 47, 1483
List the prime factors of 235828.
2, 19, 29, 107
List the prime factors of 431169.
3, 101, 1423
List the prime factors of 1097765.
5, 181, 1213
List the prime factors of 1030846.
2, 17, 30319
List the prime factors of 8845208.
2, 1105651
What are the prime factors of 12050975?
5, 482039
What are the prime factors of 10703144?
2, 541, 2473
List the prime factors of 56907.
3, 6323
What are the prime factors of 2407379?
13, 185183
What are the prime factors of 1373018?
2, 53, 12953
List the prime factors of 291251.
19, 15329
What are the prime factors of 5919438?
2, 3, 7, 140939
What are the prime factors of 2592817?
1051, 2467
What are the prime factors of 13178182?
2, 6589091
What are the prime factors of 8699895?
3, 5, 103, 1877
What are the prime factors of 5748153?
3, 1916051
List the prime factors of 665914.
2, 233, 1429
What are the prime factors of 579335?
5, 109, 1063
List the prime factors of 1781609.
1781609
What are the prime factors of 2460168?
2, 3, 47, 727
What are the prime factors of 328871?
19, 911
List the prime factors of 740879.
103, 7193
What are the prime factors of 18220509?
3, 2024501
What are the prime factors of 2921822?
2, 1460911
List the prime factors of 1147922.
2, 89, 6449
List the prime factors of 7662176.
2, 149, 1607
What are the prime factors of 527287?
37, 14251
List the prime factors of 31404.
2, 3, 2617
What are the prime factors of 241947?
3, 29, 103
List the prime factors of 255405.
3, 5, 17027
What are the prime factors of 33349851?
3, 41, 90379
List the prime factors of 4951895.
5, 13, 29, 37, 71
What are the prime factors of 108522?
2, 3, 6029
What are the prime factors of 2237078?
2, 263, 4253
List the prime factors of 82637.
17, 4861
List the prime factors of 198866.
2, 17, 5849
What are the prime factors of 6116091?
3, 23, 137, 647
List the prime factors of 31785.
3, 5, 13, 163
List the prime factors of 401986.
2, 13, 15461
List the prime factors of 35428761.
3, 281, 14009
List the prime factors of 116354.
2, 7, 8311
What are the prime factors of 1235629?
23, 31, 1733
List the prime factors of 2668661.
73, 139, 263
List the prime factors of 529934.
2, 257, 1031
What are the prime factors of 605678?
2, 31, 9769
What are the prime factors of 701231?
89, 7879
List the prime factors of 255321.
3, 11, 2579
What are the prime factors of 150415?
5, 67, 449
List the prime factors of 4506535.
5, 11, 81937
What are the prime factors of 3734762?
2, 997, 1873
What are the prime factors of 1013883?
3, 